{"id":340539,"date":"2025-02-19T13:04:04","date_gmt":"2025-02-19T13:04:04","guid":{"rendered":"https:\/\/minddbe.mindd.dev\/english\/?page_id=340539"},"modified":"2025-03-20T10:33:23","modified_gmt":"2025-03-20T10:33:23","slug":"czym-jest-aplikacja-czy-musze-isc-do-lekarza","status":"publish","type":"page","link":"https:\/\/moetiknaardedokter.be\/pl\/czym-jest-aplikacja-czy-musze-isc-do-lekarza\/","title":{"rendered":"Czym jest aplikacja \u201eCzy musz\u0119 i\u015b\u0107 do lekarza?\u201d"},"content":{"rendered":"\n<div class=\"wp-block-group has-global-padding is-layout-constrained wp-block-group-is-layout-constrained\"><h1 class=\"has-text-align-center has-link-color alignwide wp-elements-7c86187bfe1c71d5e97aa1e9fc0c8fdf wp-block-post-title has-text-color has-color-brand-dark-blue-500-color\">Czym jest aplikacja \u201eCzy musz\u0119 i\u015b\u0107 do lekarza?\u201d<\/h1>\n\n\n<p class=\"has-text-align-left has-intro-font-size\" style=\"line-height:1.52\"><em>Czy musz\u0119 i\u015b\u0107 do lekarza?<\/em>&nbsp;mo\u017ce na podstawie Pa\u0144stwa wieku, p\u0142ci i objaw\u00f3w okre\u015bli\u0107, czy i kiedy powinni si\u0119 Pa\u0144stwo uda\u0107 do lekarza. Prosto, bezpiecznie i szybko.<\/p>\n<\/div>\n\n\n\n<div class=\"wp-block-group has-global-padding is-layout-constrained wp-container-core-group-is-layout-12243e0f wp-block-group-is-layout-constrained\">\n<div class=\"wp-block-group has-global-padding is-layout-constrained wp-block-group-is-layout-constrained\">\n<div class=\"wp-block-group alignwide is-layout-flow wp-block-group-is-layout-flow\">\n<h2 class=\"wp-block-heading\">Jak wiarygodne s\u0105 te informacje?<\/h2>\n\n\n\n<p>Pytania i porady w&nbsp;<em>Czy musz\u0119 i\u015b\u0107 do lekarza?<\/em>&nbsp;opieraj\u0105 si\u0119 na obowi\u0105zuj\u0105cych standardach i protoko\u0142ach medycznych. Wszystkie pytania i porady zosta\u0142y dok\u0142adnie opracowane przez nasz zesp\u00f3\u0142 specjalist\u00f3w tria\u017cowych. Poza tym&nbsp;<em>Czy musz\u0119 i\u015b\u0107 do lekarza?<\/em>&nbsp;jest pierwsz\u0105 holendersk\u0105 aplikacj\u0105 medyczn\u0105, kt\u00f3ra otrzyma\u0142a tzw. oznakowanie CE. Oznakowanie CE informuje, \u017ce dany wyr\u00f3b jest zgodny z wszystkimi obowi\u0105zuj\u0105cymi przepisami europejskimi (w zakresie bezpiecze\u0144stwa) oraz \u017ce pomy\u015blnie przeszed\u0142 wymagane procedury zgodno\u015bci.<\/p>\n\n\n\n<h2 class=\"wp-block-heading\">Jaki jest cel?<\/h2>\n\n\n\n<p><em>Czy musz\u0119 i\u015b\u0107 do lekarza?<\/em>&nbsp;pomaga ludziom bra\u0107 odpowiedzialno\u015b\u0107 za swoje zdrowie. W przypadku ponad 42% ludzi, kt\u00f3rzy udaj\u0105 si\u0119 do lekarza wcale nie jest to konieczne. Dzi\u0119ki&nbsp;<em>Czy musz\u0119 i\u015b\u0107 do lekarza?<\/em>&nbsp;mo\u017cemy cz\u0119\u015b\u0107 z tych ludzi uspokoi\u0107 i udzieli\u0107 im wiarygodnej porady. W ten spos\u00f3b pomagamy w zmniejszeniu ob\u0142o\u017cenia w s\u0142u\u017cbie zdrowia i koszt\u00f3w. W\u0142a\u015bciwa opieka na w\u0142a\u015bciwym miejscu (WONWM).<\/p>\n\n\n\n<h2 class=\"wp-block-heading\">Co robimy dla lekarzy rodzinnych?<\/h2>\n\n\n\n<p>Przychodnie i praktyki lekarzy rodzinnych korzystaj\u0105 z&nbsp;<em>Czy musz\u0119 i\u015b\u0107 do lekarza?<\/em>, aby zmniejsza\u0107 nat\u0119\u017cenie pracy. Odbywa si\u0119 to np. dzi\u0119ki oferowaniu naszego samodzielnego tria\u017cu na ich stronie lub udost\u0119pnianiu go w regionalnych aplikacjach lekarzy rodzinnych. Przed zadzwonieniem pacjent\u00f3w zach\u0119ca si\u0119 do samodzielnej odpowiedzi na pytania. Pozawala to zmniejszy\u0107 liczb\u0119 telefon\u00f3w i daje nowe mo\u017cliwo\u015bci dla wydajnego przep\u0142ywu pacjent\u00f3w, kt\u00f3rzy wymagaj\u0105 pomocy w pierwszej kolejno\u015bci.<\/p>\n<\/div>\n<\/div>\n<\/div>\n","protected":false},"excerpt":{"rendered":"<p>Czy musz\u0119 i\u015b\u0107 do lekarza?&nbsp;mo\u017ce na podstawie Pa\u0144stwa wieku, p\u0142ci i objaw\u00f3w okre\u015bli\u0107, czy i kiedy powinni si\u0119 Pa\u0144stwo uda\u0107 do lekarza. Prosto, bezpiecznie i szybko. Jak wiarygodne s\u0105 te informacje? Pytania i porady w&nbsp;Czy musz\u0119 i\u015b\u0107 do lekarza?&nbsp;opieraj\u0105 si\u0119 na obowi\u0105zuj\u0105cych standardach i protoko\u0142ach medycznych. Wszystkie pytania i porady zosta\u0142y dok\u0142adnie opracowane przez nasz [&hellip;]<\/p>\n","protected":false},"author":1,"featured_media":0,"parent":0,"menu_order":0,"comment_status":"closed","ping_status":"closed","template":"wp-custom-template-page-patient","meta":{"_acf_changed":false,"_trash_the_other_posts":false,"editor_notices":[],"footnotes":""},"class_list":["post-340539","page","type-page","status-publish","hentry"],"acf":[],"mb":[],"mfb_rest_fields":["title"],"_links":{"self":[{"href":"https:\/\/moetiknaardedokter.be\/pl\/wp-json\/wp\/v2\/pages\/340539","targetHints":{"allow":["GET"]}}],"collection":[{"href":"https:\/\/moetiknaardedokter.be\/pl\/wp-json\/wp\/v2\/pages"}],"about":[{"href":"https:\/\/moetiknaardedokter.be\/pl\/wp-json\/wp\/v2\/types\/page"}],"author":[{"embeddable":true,"href":"https:\/\/moetiknaardedokter.be\/pl\/wp-json\/wp\/v2\/users\/1"}],"replies":[{"embeddable":true,"href":"https:\/\/moetiknaardedokter.be\/pl\/wp-json\/wp\/v2\/comments?post=340539"}],"version-history":[{"count":5,"href":"https:\/\/moetiknaardedokter.be\/pl\/wp-json\/wp\/v2\/pages\/340539\/revisions"}],"predecessor-version":[{"id":340672,"href":"https:\/\/moetiknaardedokter.be\/pl\/wp-json\/wp\/v2\/pages\/340539\/revisions\/340672"}],"wp:attachment":[{"href":"https:\/\/moetiknaardedokter.be\/pl\/wp-json\/wp\/v2\/media?parent=340539"}],"curies":[{"name":"wp","href":"https:\/\/api.w.org\/{rel}","templated":true}]}}

Czym jest aplikacja „Czy muszę iść do lekarza?”

<div class="wp-block-group has-global-padding is-layout-constrained wp-block-group-is-layout-constrained"><h1 class="has-text-align-center has-link-color alignwide wp-elements-7c86187bfe1c71d5e97aa1e9fc0c8fdf wp-block-post-title has-text-color has-color-brand-dark-blue-500-color">Czym jest aplikacja „Czy muszę iść do lekarza?”</h1>


<p class="has-text-align-left has-intro-font-size" style="line-height:1.52"><em>Czy muszę iść do lekarza?</em>&nbsp;może na podstawie Państwa wieku, płci i objawów określić, czy i kiedy powinni się Państwo udać do lekarza. Prosto, bezpiecznie i szybko.</p>
</div>



<div class="wp-block-group has-global-padding is-layout-constrained wp-container-core-group-is-layout-12243e0f wp-block-group-is-layout-constrained">
<div class="wp-block-group has-global-padding is-layout-constrained wp-block-group-is-layout-constrained">
<div class="wp-block-group alignwide is-layout-flow wp-block-group-is-layout-flow">
<h2 class="wp-block-heading">Jak wiarygodne są te informacje?</h2>



<p>Pytania i porady w&nbsp;<em>Czy muszę iść do lekarza?</em>&nbsp;opierają się na obowiązujących standardach i protokołach medycznych. Wszystkie pytania i porady zostały dokładnie opracowane przez nasz zespół specjalistów triażowych. Poza tym&nbsp;<em>Czy muszę iść do lekarza?</em>&nbsp;jest pierwszą holenderską aplikacją medyczną, która otrzymała tzw. oznakowanie CE. Oznakowanie CE informuje, że dany wyrób jest zgodny z wszystkimi obowiązującymi przepisami europejskimi (w zakresie bezpieczeństwa) oraz że pomyślnie przeszedł wymagane procedury zgodności.</p>



<h2 class="wp-block-heading">Jaki jest cel?</h2>



<p><em>Czy muszę iść do lekarza?</em>&nbsp;pomaga ludziom brać odpowiedzialność za swoje zdrowie. W przypadku ponad 42% ludzi, którzy udają się do lekarza wcale nie jest to konieczne. Dzięki&nbsp;<em>Czy muszę iść do lekarza?</em>&nbsp;możemy część z tych ludzi uspokoić i udzielić im wiarygodnej porady. W ten sposób pomagamy w zmniejszeniu obłożenia w służbie zdrowia i kosztów. Właściwa opieka na właściwym miejscu (WONWM).</p>



<h2 class="wp-block-heading">Co robimy dla lekarzy rodzinnych?</h2>



<p>Przychodnie i praktyki lekarzy rodzinnych korzystają z&nbsp;<em>Czy muszę iść do lekarza?</em>, aby zmniejszać natężenie pracy. Odbywa się to np. dzięki oferowaniu naszego samodzielnego triażu na ich stronie lub udostępnianiu go w regionalnych aplikacjach lekarzy rodzinnych. Przed zadzwonieniem pacjentów zachęca się do samodzielnej odpowiedzi na pytania. Pozawala to zmniejszyć liczbę telefonów i daje nowe możliwości dla wydajnego przepływu pacjentów, którzy wymagają pomocy w pierwszej kolejności.</p>
</div>
</div>
</div>

<p>Czy muszę iść do lekarza?&nbsp;może na podstawie Państwa wieku, płci i objawów określić, czy i kiedy powinni się Państwo udać do lekarza. Prosto, bezpiecznie i szybko. Jak wiarygodne są te informacje? Pytania i porady w&nbsp;Czy muszę iść do lekarza?&nbsp;opierają się na obowiązujących standardach i protokołach medycznych. Wszystkie pytania i porady zostały dokładnie opracowane przez nasz [&hellip;]</p>
